{"id":41,"date":"2023-12-14T18:06:05","date_gmt":"2023-12-14T18:06:05","guid":{"rendered":"https:\/\/multi21-vehicles.com\/?page_id=41"},"modified":"2023-12-14T18:06:05","modified_gmt":"2023-12-14T18:06:05","slug":"politica-sobre-cookies","status":"publish","type":"page","link":"https:\/\/multi21-vehicles.com\/index.php\/politica-sobre-cookies\/","title":{"rendered":"Pol\u00edtica de Cookies"},"content":{"rendered":"\n<p>Este portal web \u00fanicamente utiliza cookies propias con finalidad t\u00e9cnica,no recaba ni cede datos de car\u00e1cter personal de los usuarios sin su conocimiento.<\/p>\n\n\n\n<p>Sin embargo contiene enlaces a sitios web de terceros con pol\u00edticas de privacidad ajenas a la de la AEPD que usted podr\u00e1 decidir si acepta o no cuando acceda a ellos.<\/p>\n","protected":false},"excerpt":{"rendered":"<p>Este portal web \u00fanicamente utiliza cookies propias con finalidad t\u00e9cnica,no recaba ni cede datos de [&hellip;]<\/p>\n","protected":false},"author":1,"featured_media":0,"parent":0,"menu_order":0,"comment_status":"closed","ping_status":"closed","template":"","meta":{"footnotes":""},"class_list":["post-41","page","type-page","status-publish","hentry"],"yoast_head":"<!-- This site is optimized with the Yoast SEO plugin v26.1.1 - https:\/\/yoast.com\/wordpress\/plugins\/seo\/ -->\n<title>Pol\u00edtica de Cookies -<\/title>\n<meta name=\"robots\" content=\"index, follow, max-snippet:-1, max-image-preview:large, max-video-preview:-1\" \/>\n<link rel=\"canonical\" href=\"https:\/\/multi21-vehicles.com\/index.php\/politica-sobre-cookies\/\" \/>\n<meta property=\"og:locale\" content=\"es_ES\" \/>\n<meta property=\"og:type\" content=\"article\" \/>\n<meta property=\"og:title\" content=\"Pol\u00edtica de Cookies -\" \/>\n<meta property=\"og:description\" content=\"Este portal web \u00fanicamente utiliza cookies propias con finalidad t\u00e9cnica,no recaba ni cede datos de [&hellip;]\" \/>\n<meta property=\"og:url\" content=\"https:\/\/multi21-vehicles.com\/index.php\/politica-sobre-cookies\/\" \/>\n<meta name=\"twitter:card\" content=\"summary_large_image\" \/>\n<script type=\"application\/ld+json\" class=\"yoast-schema-graph\">{\"@context\":\"https:\/\/schema.org\",\"@graph\":[{\"@type\":\"WebPage\",\"@id\":\"https:\/\/multi21-vehicles.com\/index.php\/politica-sobre-cookies\/\",\"url\":\"https:\/\/multi21-vehicles.com\/index.php\/politica-sobre-cookies\/\",\"name\":\"Pol\u00edtica de Cookies -\",\"isPartOf\":{\"@id\":\"https:\/\/multi21-vehicles.com\/#website\"},\"datePublished\":\"2023-12-14T18:06:05+00:00\",\"breadcrumb\":{\"@id\":\"https:\/\/multi21-vehicles.com\/index.php\/politica-sobre-cookies\/#breadcrumb\"},\"inLanguage\":\"es\",\"potentialAction\":[{\"@type\":\"ReadAction\",\"target\":[\"https:\/\/multi21-vehicles.com\/index.php\/politica-sobre-cookies\/\"]}]},{\"@type\":\"BreadcrumbList\",\"@id\":\"https:\/\/multi21-vehicles.com\/index.php\/politica-sobre-cookies\/#breadcrumb\",\"itemListElement\":[{\"@type\":\"ListItem\",\"position\":1,\"name\":\"Portada\",\"item\":\"https:\/\/multi21-vehicles.com\/\"},{\"@type\":\"ListItem\",\"position\":2,\"name\":\"Pol\u00edtica de Cookies\"}]},{\"@type\":\"WebSite\",\"@id\":\"https:\/\/multi21-vehicles.com\/#website\",\"url\":\"https:\/\/multi21-vehicles.com\/\",\"name\":\"Multi21-Vehicles\",\"description\":\"Multi-21Vehicles\",\"publisher\":{\"@id\":\"https:\/\/multi21-vehicles.com\/#organization\"},\"potentialAction\":[{\"@type\":\"SearchAction\",\"target\":{\"@type\":\"EntryPoint\",\"urlTemplate\":\"https:\/\/multi21-vehicles.com\/?s={search_term_string}\"},\"query-input\":{\"@type\":\"PropertyValueSpecification\",\"valueRequired\":true,\"valueName\":\"search_term_string\"}}],\"inLanguage\":\"es\"},{\"@type\":\"Organization\",\"@id\":\"https:\/\/multi21-vehicles.com\/#organization\",\"name\":\"Multi21-Vehicles\",\"url\":\"https:\/\/multi21-vehicles.com\/\",\"logo\":{\"@type\":\"ImageObject\",\"inLanguage\":\"es\",\"@id\":\"https:\/\/multi21-vehicles.com\/#\/schema\/logo\/image\/\",\"url\":\"https:\/\/multi21-vehicles.com\/wp-content\/uploads\/2023\/12\/cropped-cropped-logoavilasinfondo.png\",\"contentUrl\":\"https:\/\/multi21-vehicles.com\/wp-content\/uploads\/2023\/12\/cropped-cropped-logoavilasinfondo.png\",\"width\":364,\"height\":212,\"caption\":\"Multi21-Vehicles\"},\"image\":{\"@id\":\"https:\/\/multi21-vehicles.com\/#\/schema\/logo\/image\/\"},\"sameAs\":[\"https:\/\/www.instagram.com\/multi21vehicles?igsh=MWE3ZWRxZm96ZTE4ag==\",\"https:\/\/www.tiktok.com\/@multi.21.vehicles?_t=8jmNpLnYHY1&_r=1\"]}]}<\/script>\n<!-- \/ Yoast SEO plugin. -->","yoast_head_json":{"title":"Pol\u00edtica de Cookies -","robots":{"index":"index","follow":"follow","max-snippet":"max-snippet:-1","max-image-preview":"max-image-preview:large","max-video-preview":"max-video-preview:-1"},"canonical":"https:\/\/multi21-vehicles.com\/index.php\/politica-sobre-cookies\/","og_locale":"es_ES","og_type":"article","og_title":"Pol\u00edtica de Cookies -","og_description":"Este portal web \u00fanicamente utiliza cookies propias con finalidad t\u00e9cnica,no recaba ni cede datos de [&hellip;]","og_url":"https:\/\/multi21-vehicles.com\/index.php\/politica-sobre-cookies\/","twitter_card":"summary_large_image","schema":{"@context":"https:\/\/schema.org","@graph":[{"@type":"WebPage","@id":"https:\/\/multi21-vehicles.com\/index.php\/politica-sobre-cookies\/","url":"https:\/\/multi21-vehicles.com\/index.php\/politica-sobre-cookies\/","name":"Pol\u00edtica de Cookies -","isPartOf":{"@id":"https:\/\/multi21-vehicles.com\/#website"},"datePublished":"2023-12-14T18:06:05+00:00","breadcrumb":{"@id":"https:\/\/multi21-vehicles.com\/index.php\/politica-sobre-cookies\/#breadcrumb"},"inLanguage":"es","potentialAction":[{"@type":"ReadAction","target":["https:\/\/multi21-vehicles.com\/index.php\/politica-sobre-cookies\/"]}]},{"@type":"BreadcrumbList","@id":"https:\/\/multi21-vehicles.com\/index.php\/politica-sobre-cookies\/#breadcrumb","itemListElement":[{"@type":"ListItem","position":1,"name":"Portada","item":"https:\/\/multi21-vehicles.com\/"},{"@type":"ListItem","position":2,"name":"Pol\u00edtica de Cookies"}]},{"@type":"WebSite","@id":"https:\/\/multi21-vehicles.com\/#website","url":"https:\/\/multi21-vehicles.com\/","name":"Multi21-Vehicles","description":"Multi-21Vehicles","publisher":{"@id":"https:\/\/multi21-vehicles.com\/#organization"},"potentialAction":[{"@type":"SearchAction","target":{"@type":"EntryPoint","urlTemplate":"https:\/\/multi21-vehicles.com\/?s={search_term_string}"},"query-input":{"@type":"PropertyValueSpecification","valueRequired":true,"valueName":"search_term_string"}}],"inLanguage":"es"},{"@type":"Organization","@id":"https:\/\/multi21-vehicles.com\/#organization","name":"Multi21-Vehicles","url":"https:\/\/multi21-vehicles.com\/","logo":{"@type":"ImageObject","inLanguage":"es","@id":"https:\/\/multi21-vehicles.com\/#\/schema\/logo\/image\/","url":"https:\/\/multi21-vehicles.com\/wp-content\/uploads\/2023\/12\/cropped-cropped-logoavilasinfondo.png","contentUrl":"https:\/\/multi21-vehicles.com\/wp-content\/uploads\/2023\/12\/cropped-cropped-logoavilasinfondo.png","width":364,"height":212,"caption":"Multi21-Vehicles"},"image":{"@id":"https:\/\/multi21-vehicles.com\/#\/schema\/logo\/image\/"},"sameAs":["https:\/\/www.instagram.com\/multi21vehicles?igsh=MWE3ZWRxZm96ZTE4ag==","https:\/\/www.tiktok.com\/@multi.21.vehicles?_t=8jmNpLnYHY1&_r=1"]}]}},"_links":{"self":[{"href":"https:\/\/multi21-vehicles.com\/index.php\/wp-json\/wp\/v2\/pages\/41","targetHints":{"allow":["GET"]}}],"collection":[{"href":"https:\/\/multi21-vehicles.com\/index.php\/wp-json\/wp\/v2\/pages"}],"about":[{"href":"https:\/\/multi21-vehicles.com\/index.php\/wp-json\/wp\/v2\/types\/page"}],"author":[{"embeddable":true,"href":"https:\/\/multi21-vehicles.com\/index.php\/wp-json\/wp\/v2\/users\/1"}],"replies":[{"embeddable":true,"href":"https:\/\/multi21-vehicles.com\/index.php\/wp-json\/wp\/v2\/comments?post=41"}],"version-history":[{"count":2,"href":"https:\/\/multi21-vehicles.com\/index.php\/wp-json\/wp\/v2\/pages\/41\/revisions"}],"predecessor-version":[{"id":43,"href":"https:\/\/multi21-vehicles.com\/index.php\/wp-json\/wp\/v2\/pages\/41\/revisions\/43"}],"wp:attachment":[{"href":"https:\/\/multi21-vehicles.com\/index.php\/wp-json\/wp\/v2\/media?parent=41"}],"curies":[{"name":"wp","href":"https:\/\/api.w.org\/{rel}","templated":true}]}}